{"id":11,"date":"2014-05-13T12:10:08","date_gmt":"2014-05-13T12:10:08","guid":{"rendered":"http:\/\/haense.de\/industriereinigung\/?page_id=11"},"modified":"2016-04-26T13:36:43","modified_gmt":"2016-04-26T13:36:43","slug":"leistungen","status":"publish","type":"page","link":"https:\/\/haense.de\/industriereinigung\/leistungen\/","title":{"rendered":"Leistungen"},"content":{"rendered":"<p><\/p>\n<ul>\n<li>Reinigungen f\u00fcr BMHKW und Kraftwerke aller Art mit Thermal\u00f6lkessel, LUVO`S, ECO`s, W\u00e4rmetauscher, E-Filter, Ventilatoren, Rohrleitungen und Beh\u00e4lter rauchgas- und wasserseitig<\/li>\n<li>CO\u00b2-Trockeneis-, Granulat-, Hartgusskies-, und Glasperlenstrahlreinigungen<\/li>\n<li>Professionelles Kraftwerksequipment und Fachpersonal f\u00fcr alle Reinigungsf\u00e4lle und Anlagengr\u00f6\u00dfen<\/li>\n<li>Reinigungen und Entschlackungen der \u00d6fen und Rauchgasz\u00fcge mit anschlie\u00dfendem aussaugen der Asche und Verschmutzungen aller Art mit mobilen Hochleistungssauger und Saugw\u00e4gen je nach Bedarf<\/li>\n<li>24h Notdienst mit Rufbereitschaft, Notreinigungsservice<\/li>\n<li>Sonderkonditionen im Rahmen von Wartungsvertr\u00e4gen<\/li>\n<li>Korrosionsschutzarbeiten f\u00fcr Stahlkonstruktionen mit Reinigung und Oberfl\u00e4chenbearbeitung sowie Beschichtungen aller Art<\/li>\n<li>Kompetente Beratung und Betreuung<\/li>\n<\/ul>\n<p>F\u00fcr Fragen und weitere Informationen stehen wir Ihnen gerne jederzeit auch in einem pers\u00f6nlichen Gespr\u00e4ch zur Verf\u00fcgung.<\/p>","protected":false},"excerpt":{"rendered":"<p>Reinigungen f\u00fcr BMHKW und Kraftwerke aller Art mit Thermal\u00f6lkessel, LUVO`S, ECO`s, W\u00e4rmetauscher, E-Filter, Ventilatoren, Rohrleitungen und Beh\u00e4lter rauchgas- und wasserseitig CO\u00b2-Trockeneis-, Granulat-, Hartgusskies-, und Glasperlenstrahlreinigungen Professionelles Kraftwerksequipment und Fachpersonal f\u00fcr alle Reinigungsf\u00e4lle und Anlagengr\u00f6\u00dfen Reinigungen und Entschlackungen der \u00d6fen und &hellip; <a href=\"https:\/\/haense.de\/industriereinigung\/leistungen\/\">Weiterlesen<\/a><\/p>\n","protected":false},"author":2,"featured_media":0,"parent":0,"menu_order":0,"comment_status":"open","ping_status":"open","template":"","meta":{"footnotes":""},"class_list":["post-11","page","type-page","status-publish","hentry"],"_links":{"self":[{"href":"https:\/\/haense.de\/industriereinigung\/wp-json\/wp\/v2\/pages\/11","targetHints":{"allow":["GET"]}}],"collection":[{"href":"https:\/\/haense.de\/industriereinigung\/wp-json\/wp\/v2\/pages"}],"about":[{"href":"https:\/\/haense.de\/industriereinigung\/wp-json\/wp\/v2\/types\/page"}],"author":[{"embeddable":true,"href":"https:\/\/haense.de\/industriereinigung\/wp-json\/wp\/v2\/users\/2"}],"replies":[{"embeddable":true,"href":"https:\/\/haense.de\/industriereinigung\/wp-json\/wp\/v2\/comments?post=11"}],"version-history":[{"count":5,"href":"https:\/\/haense.de\/industriereinigung\/wp-json\/wp\/v2\/pages\/11\/revisions"}],"predecessor-version":[{"id":119,"href":"https:\/\/haense.de\/industriereinigung\/wp-json\/wp\/v2\/pages\/11\/revisions\/119"}],"wp:attachment":[{"href":"https:\/\/haense.de\/industriereinigung\/wp-json\/wp\/v2\/media?parent=11"}],"curies":[{"name":"wp","href":"https:\/\/api.w.org\/{rel}","templated":true}]}}